 prime factors of f.
3, 7
Suppose 4*t - 162 = 3*k, -5*t - 3*k = -0*k - 189. Let v = t + -31. What are the prime factors of v?
2
Let w = -1 - -1089. What are the prime factors of w?
2, 17
Let n = 480 + -150. List the prime factors of n.
2, 3, 5, 11
Let f(a) = -564*a - 3. List the prime factors of f(-2).
3, 5
Let s(j) = -1491*j - 272. What are the prime factors of s(-2)?
2, 5, 271
Let t = -64 + 41. Let b = t + 28. Suppose 3*d = 4*d - b, -2*h = 2*d - 66. What are the prime factors of h?
2, 7
Let a be (-4 - 0) + 1 + 37. Suppose -4*h = h - f - 178, -h + a = -f. What are the prime factors of h?
2, 3
List the prime factors of (1048/(-32) + -6)*-40.
2, 5, 31
Let v be 0/(-2)*10/(-20). Suppose -7 = -v*p + p. Let j(a) = a**3 + 6*a**2 - 6*a + 10. List the prime factors of j(p).
3
Let t(w) = -4 + 0*w + w**3 - 5*w**3 - 2*w + 3*w**3 - 4*w**2. Let b be t(-4). Suppose 20 = n - 3*z, -3*z + 15 = 2*n - b*z. What are the prime factors of n?
5
Suppose 4*w = 3*c + 1597, -10*w + 8*w + 5*c + 795 = 0. List the prime factors of w.
2, 5
Suppose 2*c = k - 1054, 4*k + 24*c = 20*c + 4168. What are the prime factors of k?
2, 523
Suppose 4*v + 474 = -2*p, 5*v - 4*p + 158 = -428. Let g = v - -182. List the prime factors of g.
2
Suppose r + 197 = 5*u - 88, 0 = -4*r - 3*u - 1117. Let t = r - -407. What are the prime factors of t?
127
Let b(y) be the second derivative of y**4 - y**3/6 + 7*y. Let o be b(3). Let k = -48 + o. List the prime factors of k.
3, 19
List the prime factors of (-77)/154*(2 + 1*-1282).
2, 5
Let a = 6 - 3. Let r be (a/9)/((-2)/(-12)). Suppose 0 = -r*g + 11 + 45. List the prime factors of g.
2, 7
Suppose 233 = 2*y + 73. Suppose 3*i + 91 = 2*k, -3*k - 4*i + y = -14. Let b = k - 19. List the prime factors of b.
19
Let m = 20 - 14. Suppose 11 - 1 = -s + 5*q, -3*q + m = s. Suppose s = -3*w - w + 20, -t = -3*w - 5. List the prime factors of t.
2, 5
Suppose 0*f = 5*f - 10. Suppose 2*g = -4*j - 26, j + g = -f - 7. List the prime factors of j*((-78)/4)/3.
2, 13
Let n(c) = -c**3 + 5*c**2 + 3*c - 7. Let h be n(5). List the prime factors of (h - -3)*1*7.
7, 11
Suppose 4*j + 3*n = 3954, 5*j - 2*j - 2953 = 4*n. Suppose 3*u + c + c - j = 0, 5*u = -c + 1652. What are the prime factors of u?
331
Let w be (-14)/(-4) - 9/(-18). Suppose 5*d = -5*b - 105, -84 = 5*b - w*d + 2*d. Let m = b - -62. What are the prime factors of m?
2, 11
Let b = 60 - 58. Suppose 9 = a - 4*y + 7, 120 = 5*a + b*y. What are the prime factors of a?
2, 11
Let b = 2342 - 1077. List the prime factors of b.
5, 11, 23
Let q = -417 + 1308. List the prime factors of q.
3, 11
Let q(a) = 5*a**3 - 3*a + 2. Let y(w) = -25*w**3 + 14*w - 11. Let l(b) = 11*q(b) + 2*y(b). List the prime factors of l(2).
2, 3, 5
Let n(x) = 6 + 4 + 3 - 13*x - 1 - x**2. Suppose -70 = -11*y + 18*y. List the prime factors of n(y).
2, 3, 7
Let a(v) be the third derivative of 59*v**4/24 - v**3/6 + 20*v**2. What are the prime factors of a(1)?
2, 29
List the prime factors of 1791/51 - ((-264)/68 + 4).
5, 7
Let q(k) = 2*k**2 + 8*k - 8. What are the prime factors of q(8)?
2, 23
Suppose 4*m = -3*a - 38, 7*a - 2*a - 5*m = -40. Let c(i) = -4*i - 18. List the prime factors of c(a).
2, 11
What are the prime factors of (-1)/((35/(-5755))/7)?
1151
Suppose 5*y = 5*j - 75 + 10, 0 = 3*j - y - 49. What are the prime factors of 20*(-9)/(j/(-4))?
2, 5
Let j be (18/(-15) + 2)*5. Let n be (-3 - (-12)/j) + 9. List the prime factors of 27/n - (-1 - -2).
2
Let x = -12 - -15. Let l be (-2)/(-3 - (-7)/x). Suppose 7*f - 284 = l*f. What are the prime factors of f?
71
Let l(f) = 2*f - 1. Let m be l(4). Let a(q) = q**3 + 1. Let r(p) = -3*p**3 - 5*p**2 - 7*p - 12. Let z(y) = 4*a(y) + r(y). List the prime factors of z(m).
41
Suppose 141*y - 4224 = 133*y. What are the prime factors of y?
2, 3, 11
Let g = 2107 + 1490. What are the prime factors of g?
3, 11, 109
Let j(k) = -1. Let u(c) = c - 10. Let w(z) = -2*j(z) + u(z). Let i be w(8). Suppose 0 = -3*v + 5*f + 68, 3*v + 6*f - 3*f - 60 = i. List the prime factors of v.
3, 7
Let v(t) = t**2 - t + 63. Suppose p + 4*p = 0. What are the prime factors of v(p)?
3, 7
Let j(h) = -2*h**2 - 74*h - 36. List the prime factors of j(-15).
2, 3, 13
Suppose 16*b - 12*b = l - 543, 0 = -3*l + 2*b + 1599. List the prime factors of l.
3, 59
Suppose 0*g + 4*t + 18 = 2*g, 0 = -2*g - t + 28. What are the prime factors of g?
13
Suppose 5*q + 5 + 0 = 0, 3*p = 3*q + 75. Let i(f) = f**3 + 7*f**2 - f - 3. Let k be i(-7). Suppose -p = 2*x - k*x. List the prime factors of x.
2, 3
Let c = -98 - -4167. List the prime factors of c.
13, 313
Suppose 0 = 2*y + 3*a - 7*a + 72, 4*y - 5*a = -129. Let d = 3 - 17. Let w = d - y. What are the prime factors of w?
2, 3
Let m(u) = 9*u - 33. Let c(x) = 1. Let p(s) = 5*c(s) + m(s). What are the prime factors of p(4)?
2
Let o = 1943 + -1252. List the prime factors of o.
691
What are the prime factors of 24/(-36) + 546/9?
2, 3, 5
Let k be (60/35)/(2/14)*-1. What are the prime factors of 0 + (-26)/3*18/k?
13
Let o(i) = -2*i**2 + 2*i + 4. Suppose -40 = -3*l - 5*q, -25 = -0*l - 3*l - 2*q. Let n(h) = h. Let k(g) = l*n(g) - o(g). List the prime factors of k(-3).
5
Let y(t) = 18*t**2 + 1. Suppose -x = 3*x + 4. Let p be y(x). Let z = 39 - p. List the prime factors of z.
2, 5
Suppose 0 = -u - v + 329, -u + 329 = -0*u + 4*v. Suppose 3*x - u - 157 = 0. What are the prime factors of x?
2, 3
Suppose 3*h - 174 + 18 = 0. Suppose -53*s = -18*s - 70. Suppose -2*v = s*v - h. What are the prime factors of v?
13
Let a = 8 - 5. Suppose -x = -2*l - 144, -4*x - a*l + 370 = -151. Suppose -4*q - i - i = -x, -104 = -4*q + 4*i. What are the prime factors of q?
31
Suppose 0 = -w + 1, 3*f + 2*f + 3*w = 18. Suppose f*i + 102 = 6*i. What are the prime factors of i?
2, 17
Let s = 630 + -433. List the prime factors of s.
197
What are the prime factors of 4237/5 - (-60)/100?
2, 53
Let q be 6/15 + (-744)/(-15). Suppose d - q - 32 = 0. What are the prime factors of d?
2, 41
Let b(a) = a + 14. Let q be b(-12). List the prime factors of -1 + 92/(6 - q).
2, 11
Let h(d) = -d**3 - 8*d**2 + 5*d + 9. Let p be h(-8). Let f(n) = -2*n**3 - 3*n**2 + n + 2. Let o be f(-2). Let b = o - p. What are the prime factors of b?
5, 7
Let w(b) = b**3 + 3*b**2 - b - 1. Let v = -20 + 17. Let s be w(v). Suppose -4*u = -s*u - 5*a - 54, -12 = 3*a. What are the prime factors of u?
17
Let k(c) = c**2 - 8*c - 8. Let n be k(8). List the prime factors of (-4)/n*(74 + 2).
2, 19
Let w(f) = 61*f**3 + f**2 - f + 1. Let d be w(1). Suppose -250 = -2*y - d. What are the prime factors of y?
2, 47
Suppose v = 3*b - 0*b + 25, 39 = 3*v + 3*b. Let g be v*(-4)/(-8)*1. Let f = 44 - g. List the prime factors of f.
2, 3
Let r = 2015 + 680. What are the prime factors of r?
5, 7, 11
Let d = 1 + -3. Let k = 5 + d. Suppose -k*x = 2*x - 140. What are the prime factors of x?
2, 7
Let u be ((-1)/2)/((-3)/(-12)). Let j be (1/u)/((-2)/312). Suppose -4*r = 3*n - j, -n - 5*r + 103 = 3*n. List the prime factors of n.
2, 11
Let l = 1 - -5. What are the prime factors of (-16)/l*(-264)/32?
2, 11
Let h(g) = g**2 - 14*g + 8. Let t be h(14). Suppose -f + t*f = 357. What are the prime factors of f?
3, 17
Let u(f) = f**3 + 12*f**2 - 6*f + 13. Let v be u(-7). Suppose -3*y = -y + 5*s - v, 2*s = -3*y + 439. What are the prime factors of y?
5, 29
Let o = -24 + 21. List the prime factors of -2 + (o - (0 - 96)).
7, 13
List the prime factors of (1 - (-2361)/9)*(-270)/(-50).
2, 3, 79
Let g be (-6)/36 + ((-4214)/(-12) - 0). Suppose 155 = 11*p - g. List the prime factors of p.
2, 23
Suppose -p + 4587 = 5*x, 3*x - 5*p - 4494 = -1725. What are the prime factors of x?
2, 3, 17
Suppose 4332 = 4*l - 2220. List the prime factors of l.
2, 3, 7, 13
Suppose 0 = -5*t - 1 + 36. Suppose t*z - 11*z = -128. Let a = -23 + z. List the prime factors of a.
3
Suppose -64*k + 3004 = -60*k. What are the prime factors of k?
751
Let l(h) = -2461*h + 9. What are the prime factors of l(-1)?
2, 5, 13, 19
Suppose 5*d - 4*v - 569 = 1991, 4*d - 2007 = -5*v. What are the prime factors of d?
2, 127
Let l(r) = r**2 + 11*r + 13. Let y be l(-9). Let p(x) = x**3 + 5*x**2 + 2*x + 10. Let j be p(y). Let k(u) = -2*u + 32. List the prime factors of k(j).
2
Let u be (-1 + 1)*11/22. Suppose -m + 5*r + 98 = u, 0*m - 440 = -4*m - 4*r. Let c = m - 56. List the prime factor